f 79?
True
Is 89 a factor of 37647?
True
Is 3 a factor of 2712419?
False
Is 260 a factor of 1560000?
True
Does 85 divide 504888?
False
Does 153 divide 2080647?
True
Is 175168 a multiple of 4?
True
Is 1362942 a multiple of 63?
True
Is 2340528 a multiple of 37?
False
Is 13712974 a multiple of 51?
False
Does 662 divide 16380683?
False
Is 1095124 a multiple of 105?
False
Is 2390852 a multiple of 72?
False
Does 92 divide 82248?
True
Is 1318194 a multiple of 27?
True
Does 6 divide 5663100?
True
Does 560 divide 4196347?
False
Is 3896154 a multiple of 14?
False
Is 270700 a multiple of 50?
True
Does 14 divide 589148?
True
Is 917236 a multiple of 96?
False
Is 22 a factor of 1923863?
False
Is 660 a factor of 4191114?
False
Does 104 divide 234283?
False
Is 255 a factor of 8572495?
False
Is 2366904 a multiple of 3?
True
Is 7 a factor of 613312?
True
Is 30 a factor of 3020430?
True
Is 2885763 a multiple of 73?
True
Is 35 a factor of 6275214?
False
Is 1354 a multiple of 58?
False
Does 358 divide 104504?
False
Does 1952 divide 36184224?
True
Is 22130495 a multiple of 61?
True
Does 157 divide 338492?
True
Is 193 a factor of 467969?
False
Is 8 a factor of 2400628?
False
Does 102 divide 182682?
True
Is 60903 a multiple of 152?
False
Is 18 a factor of 908517?
False
Is 112 a factor of 451136?
True
Does 38 divide 77830?
False
Is 455715 a multiple of 57?
True
Does 9 divide 924102?
True
Does 152 divide 236512?
True
Is 358 a factor of 141834?
False
Is 2 a factor of 288275?
False
Does 13 divide 2579180?
False
Is 183 a factor of 31890597?
False
Is 905 a factor of 691420?
True
Is 417606 a multiple of 122?
True
Is 2916049 a multiple of 583?
False
Is 1071607 a multiple of 245?
False
Is 516803 a multiple of 53?
True
Is 3621123 a multiple of 711?
True
Does 10 divide 2065055?
False
Does 39 divide 19149?
True
Is 388 a factor of 6435360?
False
Is 14 a factor of 28271?
False
Does 270 divide 1480410?
True
Does 131 divide 348303?
False
Is 15143183 a multiple of 10?
False
Does 324 divide 2098224?
True
Is 6379200 a multiple of 600?
True
Does 21 divide 445550?
False
Does 829 divide 562200?
False
Is 423024 a multiple of 336?
True
Is 298 a factor of 575138?
False
Is 7479936 a multiple of 1208?
True
Is 77982 a multiple of 123?
True
Is 80313 a multiple of 57?
True
Does 300 divide 1685100?
True
Is 280343 a multiple of 17?
False
Does 417 divide 4944786?
True
Is 5732994 a multiple of 323?
False
Does 89 divide 18029397?
False
Is 6270 a multiple of 10?
True
Is 2050045 a multiple of 10?
False
Is 129 a factor of 101652?
True
Does 433 divide 276254?
True
Does 76 divide 980416?
False
Does 706 divide 5374072?
True
Is 547683 a multiple of 12?
False
Is 11 a factor of 76428?
True
Does 90 divide 30960?
True
Does 34 divide 35428?
True
Does 5 divide 412019?
False
Is 3552857 a multiple of 7?
True
Is 4 a factor of 188648?
True
Does 13 divide 17936?
False
Is 470916 a multiple of 254?
True
Does 129 divide 4924317?
True
Is 571 a factor of 95928?
True
Is 76 a factor of 734408?
False
Does 101 divide 271612?
False
Is 144 a factor of 510912?
True
Does 161 divide 102973?
False
Does 17 divide 41769?
True
Is 22 a factor of 15198?
False
Is 643410 a multiple of 9?
True
Is 165 a factor of 229590?
False
Is 17 a factor of 19397?
True
Is 567165 a multiple of 120?
False
Is 319565 a multiple of 35?
False
Is 919598 a multiple of 2?
True
Is 150337 a multiple of 335?
False
Is 4 a factor of 773229?
False
Is 222 a factor of 117216?
True
Does 34 divide 25075?
False
Does 20 divide 3481989?
False
Is 3848120 a multiple of 136?
True
Is 88 a factor of 398552?
True
Is 232396 a multiple of 8?
False
Does 11 divide 5702045?
False
Is 7 a factor of 17682?
True
Is 11835384 a multiple of 501?
False
Is 63774 a multiple of 7?
False
Is 42249 a multiple of 13?
False
Does 26 divide 55614?
True
Does 546 divide 356125?
False
Is 11 a factor of 154624?
False
Does 33 divide 226017?
True
Is 249 a factor of 2206591?
False
Is 639983 a multiple of 81?
False
Is 12408988 a multiple of 18?
False
Is 2 a factor of 3033982?
True
Is 1266464 a multiple of 608?
True
Does 213 divide 229781?
False
Is 85573 a multiple of 12?
False
Is 503710 a multiple of 85?
True
Is 3 a factor of 660?
True
Is 5515538 a multiple of 322?
True
Does 404 divide 197152?
True
Is 4180075 a multiple of 544?
False
Is 802655 a multiple of 5?
True
Does 263 divide 6190716?
False
Is 817582 a multiple of 421?
True
Is 10827648 a multiple of 144?
True
Does 35 divide 1134832?
False
Is 84011 a multiple of 21?
False
Is 6 a factor of 155195?
False
Does 3 divide 251415?
True
Does 20 divide 77440?
True
Is 8 a factor of 33473?
False
Is 3123019 a multiple of 904?
False
Does 166 divide 178315?
False
Is 2577834 a multiple of 574?
True
Is 186 a factor of 133362?
True
Does 179 divide 1786060?
False
Is 21164290 a multiple of 71?
False
Is 91020 a multiple of 148?
True
Is 350 a factor of 345100?
True
Does 15 divide 699288?
False
Is 1430490 a multiple of 205?
True
Is 13 a factor of 7223515?
True
Is 13 a factor of 10958987?
True
Is 69120 a multiple of 864?
True
Is 152 a factor of 44928?
False
Is 72 a factor of 1129104?
True
Does 14 divide 1464708?
True
Does 40 divide 382881?
False
Is 581 a factor of 464800?
True
Does 372 divide 957528?
True
Is 16 a factor of 336994?
False
Is 4159012 a multiple of 52?
True
Is 395940 a multiple of 6?
True
Is 10 a factor of 69740?
True
Does 199 divide 2135071?
True
Is 429 a factor of 548576?
False
Is 11892835 a multiple of 1355?
True
Does 135 divide 15755324?
False
Is 4232688 a multiple of 436?
True
Is 6 a factor of 949989?
False
Does 31 divide 76400?
False
Does 50 divide 43293?
False
Is 35 a factor of 14770?
True
Is 2596817 a multiple of 593?
False
Does 12 divide 2226077?
False
Is 136377 a multiple of 233?
False
Does 9 divide 1506267?
True
Is 2766647 a multiple of 299?
True
Is 7583827 a multiple of 1156?
False
Is 895478 a multiple of 230?
False
Does 435 divide 17854507?
False
Is 49303 a multiple of 11?
False
Is 5470702 a multiple of 211?
False
Is 5934890 a multiple of 415?
False
Is 16 a factor of 459733?
False
Does 13 divide 4864777?
False
Is 13 a factor of 885378?
True
Does 15 divide 98400?
True
Is 12 a factor of 148116?
True
Is 38 a factor of 7161?
False
Does 211 divide 1550428?
True
Does 19 divide 1151503?
False
Is 435000 a multiple of 40?
True
Does 493 divide 898123?
False
Does 11 divide 1109901?
False
Is 19 a factor of 24681?
True
Is 13849243 a multiple of 1610?
False
Does 38 divide 84902?
False
Does 351 divide 5670756?
True
Does 3 divide 1757852?
False
Does 38 divide 282409?
False
Is 17 a factor of 8329864?
True
Does 23 divide 287249?
False
Does 45 divide 417330?
True
Is 3 a factor of 458270?
False
Does 22 divide 597979?
False
Is 328 a factor of 7000176?
True
Is 297311 a multiple of 7?
True
Does 623 divide 24812844?
True
Is 28 a factor of 1313977?
False
Does 17 divide 10523?
True
Does 17 divide 10073405?
False
Is 439 a factor of 75866?
False
Is 17748158 a multiple of 12?
False
Is 20 a factor of 861574?
False
Is 5221043 a multiple of 19?
False
Is 134 a factor of 139990?
False
Is 641 a factor of 4972237?
True
Is 2517003 a multiple of 56?
False
Is 48672 a multiple of 96?
True
Is 319888 a multiple of 265?
False
Is 152 a factor of 71288?
True
Does 2 divide 75624?
True
Is 935076 a multiple of 113?
False
Does 36 divide 2079268?
False
Is 77 a factor of 454246?
False
Does 28 divide 49448?
True
Does 375 divide 2732250?
True
Is 1194730 a multiple of 37?
True
Is 30 a factor of 581730?
True
Is 51 a factor of 80937?
True
Is 4 a factor of 1019388?
True
Is 17113 a multiple of 21?
False
Is 157 a factor of 261248?
True
Does 108 divide 741794?
False
Is 51 a factor of 45237?
True
Is 19 a factor of 10593?
False
Is 1147966 a multiple of 101?
True
Is 71 a factor of 148465?
False
Does 14 divide 120081?
False
Is 1076085 a multiple of 15?
True
Is 51339 a multiple of 327?
True
Is 6 a factor of 143605?
False
Is 418 a factor of 350284?
True
Does 138 divide 5844852?
True
Is 63 a factor of 34238337?
False
Does 124 divide 24806?
False
Does 114 divide 1378492?
False
Does 12 divide 5780544?
True
Is 330846 a multiple of 201?
True
Does 19 divide 140007?
False
Does 729 divide 317115?
True
Does 53 divide 292139?
False
Does 163 divide 118827?
True
Does 22 divide 551540?
True
Is 125457 a multiple of 31?
True
Is 31